{"id":18,"date":"2017-03-15T23:54:32","date_gmt":"2017-03-15T22:54:32","guid":{"rendered":"http:\/\/blaskapelle-usb.de\/?page_id=18"},"modified":"2019-03-16T10:56:18","modified_gmt":"2019-03-16T09:56:18","slug":"trommlerzug","status":"publish","type":"page","link":"https:\/\/blaskapelle-usb.de\/?page_id=18","title":{"rendered":"Trommlerzug"},"content":{"rendered":"<h1 style=\"text-align: center;\">Trommlerzug<\/h1>\n<p lang=\"de-DE\">Der Trommlerzug entstand 2013 auf Anregung von Dirigent Bernhard Breitsameter, einem Fan der bei uns untypischen, jedoch im Alpenvorland weit verbreiteten Trommlerz\u00fcge. Die Trommler unterst\u00fctzen die Blaskapelle vor allem bei Umz\u00fcgen, da sie die L\u00fccken zwischen zwei M\u00e4rschen f\u00fcllen &#8211; so rei\u00dft die Musik nie ab.<\/p>\n<p><span lang=\"de-DE\">Michael Dinkel und Christoph H\u00f6rl \u00fcbernahmen gemeinsam die Proben. Holger Krautscheid unterst\u00fctzte die Proben f\u00fcr das Jubil\u00e4umskonzert im Januar 2016. Mittlerweile z\u00e4hlt der Trommlerzug 20 Mitglieder\u00a0jeden Alters, die mit gro\u00dfer Begeisterung alle zwei Wochen proben. Zu ihren\u00a0<\/span>bisherigen Auftritten z\u00e4hlen neben Festumz\u00fcgen und Standkonzerten auch H\u00f6hepunkte wie der Rosenmontagsumzug in D\u00fcsseldorf.<\/p>\n<p>Der Trommlerzug kann auch ohne die Blaskapelle f\u00fcr Umz\u00fcge gebucht werden.<\/p>\n<p><a href=\"https:\/\/blaskapelle-usb.de\/wp-content\/uploads\/GruppeTrommler.jpg\"><img loading=\"lazy\" decoding=\"async\" class=\"aligncenter size-large wp-image-278\" src=\"https:\/\/blaskapelle-usb.de\/wp-content\/uploads\/GruppeTrommler-1024x683.jpg\" alt=\"\" width=\"654\" height=\"436\" srcset=\"https:\/\/blaskapelle-usb.de\/wp-content\/uploads\/GruppeTrommler-1024x683.jpg 1024w, https:\/\/blaskapelle-usb.de\/wp-content\/uploads\/GruppeTrommler-300x200.jpg 300w, https:\/\/blaskapelle-usb.de\/wp-content\/uploads\/GruppeTrommler-768x512.jpg 768w, https:\/\/blaskapelle-usb.de\/wp-content\/uploads\/GruppeTrommler-1x1.jpg 1w\" sizes=\"(max-width: 654px) 100vw, 654px\" \/><\/a><\/p>\n","protected":false},"excerpt":{"rendered":"<p>Trommlerzug Der Trommlerzug entstand 2013 auf Anregung von Dirigent Bernhard Breitsameter, einem Fan der bei uns untypischen, jedoch im Alpenvorland weit verbreiteten Trommlerz\u00fcge. Die Trommler unterst\u00fctzen die Blaskapelle vor allem bei Umz\u00fcgen, da sie die L\u00fccken zwischen zwei M\u00e4rschen f\u00fcllen &#8211; so rei\u00dft die Musik nie ab. Michael Dinkel und Christoph H\u00f6rl \u00fcbernahmen gemeinsam die [&hellip;]<\/p>\n","protected":false},"author":7,"featured_media":0,"parent":0,"menu_order":0,"comment_status":"closed","ping_status":"closed","template":"","meta":{"footnotes":""},"class_list":["post-18","page","type-page","status-publish","hentry"],"_links":{"self":[{"href":"https:\/\/blaskapelle-usb.de\/index.php?rest_route=\/wp\/v2\/pages\/18"}],"collection":[{"href":"https:\/\/blaskapelle-usb.de\/index.php?rest_route=\/wp\/v2\/pages"}],"about":[{"href":"https:\/\/blaskapelle-usb.de\/index.php?rest_route=\/wp\/v2\/types\/page"}],"author":[{"embeddable":true,"href":"https:\/\/blaskapelle-usb.de\/index.php?rest_route=\/wp\/v2\/users\/7"}],"replies":[{"embeddable":true,"href":"https:\/\/blaskapelle-usb.de\/index.php?rest_route=%2Fwp%2Fv2%2Fcomments&post=18"}],"version-history":[{"count":13,"href":"https:\/\/blaskapelle-usb.de\/index.php?rest_route=\/wp\/v2\/pages\/18\/revisions"}],"predecessor-version":[{"id":1144,"href":"https:\/\/blaskapelle-usb.de\/index.php?rest_route=\/wp\/v2\/pages\/18\/revisions\/1144"}],"wp:attachment":[{"href":"https:\/\/blaskapelle-usb.de\/index.php?rest_route=%2Fwp%2Fv2%2Fmedia&parent=18"}],"curies":[{"name":"wp","href":"https:\/\/api.w.org\/{rel}","templated":true}]}}